{"id":18552,"date":"2025-12-30T09:34:11","date_gmt":"2025-12-30T09:34:11","guid":{"rendered":"http:\/\/haday.amo.com.vn\/?post_type=product&#038;p=18552"},"modified":"2025-12-30T09:34:53","modified_gmt":"2025-12-30T09:34:53","slug":"nuoc-tuong-nhan-vang-500ml","status":"publish","type":"product","link":"https:\/\/haday.amo.com.vn\/index.php\/product\/nuoc-tuong-nhan-vang-500ml\/","title":{"rendered":"N\u01b0\u1edbc T\u01b0\u01a1ng Nh\u00e3n V\u00e0ng 500ml"},"content":{"rendered":"<h3 style=\"text-align: center;\"><span style=\"color: #993300;\"><strong>HADAY N\u01af\u1edaC T\u01af\u01a0NG NH\u00c3N V\u00c0NG<\/strong><\/span><\/h3>\n<p>K\u1ebf th\u1eeba t\u1eeb s\u1ea3n ph\u1ea9m mang t\u00ednh bi\u1ec3u tr\u01b0ng t\u1eeb th\u01b0\u01a1ng hi\u1ec7u Haday. Nay v\u1edbi c\u00f4ng th\u1ee9c c\u1ea3i ti\u1ebfn:<\/p>\n<p><strong>1.<\/strong> L\u00ean men t\u1ef1 nhi\u00ean t\u1eeb nh\u1eefng h\u1ea1t \u0111\u1eadu n\u00e0nh kh\u00f4ng bi\u1ebfn \u0111\u1ed5i gien theo k\u1ef9 thu\u1eadt l\u00ean men truy\u1ec1n th\u1ed1ng. Mang l\u1ea1i h\u01b0\u01a1ng v\u1ecb \u0111\u1eb7c tr\u01b0ng, th\u01a1m ngon \u0111\u1eadm \u0111\u00e0.<\/p>\n<p><strong>2.<\/strong> 60 n\u0103m v\u1edbi v\u1ecb ngon nguy\u00ean b\u1ea3n, \u0111\u00e3 \u0111\u01b0\u1ee3c \u01b0a chu\u1ed9ng.<\/p>\n<p><strong>&#8211; C\u00f3 th\u1ec3 s\u1eed d\u1ee5ng \u0111\u1ec3:<\/strong> X\u00e0o, \u01b0\u1edbp, ch\u1ea5m, m\u00f3n tr\u1ed9n<\/p>\n<p><strong>&#8211; K\u00edch th\u01b0\u1edbc c\u00f3 s\u1eb5n:<\/strong> 150ml, 500ml, 1.28L, 1.9L, 4.9L<\/p>\n<hr \/>\n<p><strong>N\u01b0\u1edbc t\u01b0\u01a1ng<\/strong>, hay c\u00f2n g\u1ecdi l\u00e0 x\u00ec d\u1ea7u, l\u00e0 m\u1ed9t lo\u1ea1i gia v\u1ecb quen thu\u1ed9c trong \u1ea9m th\u1ef1c ch\u00e2u \u00c1, \u0111\u1eb7c bi\u1ec7t l\u00e0 c\u00e1c n\u01b0\u1edbc \u0110\u00f4ng \u00c1 v\u00e0 \u0110\u00f4ng Nam \u00c1. Lo\u1ea1i n\u01b0\u1edbc ch\u1ea5m n\u00e0y c\u00f3 m\u1ed9t l\u1ecbch s\u1eed l\u00e2u \u0111\u1eddi v\u00e0 qu\u00e1 tr\u00ecnh ph\u00e1t tri\u1ec3n phong ph\u00fa.<\/p>\n<h3><strong>1. Ngu\u1ed3n G\u1ed1c<\/strong><\/h3>\n<ul>\n<li><strong>Xu\u1ea5t x\u1ee9 t\u1eeb Trung Qu\u1ed1c:<\/strong>\u00a0N\u01b0\u1edbc t\u01b0\u01a1ng \u0111\u01b0\u1ee3c cho l\u00e0 c\u00f3 ngu\u1ed3n g\u1ed1c t\u1eeb Trung Qu\u1ed1c. Ng\u01b0\u1eddi ta tin r\u1eb1ng, trong qu\u00e1 tr\u00ecnh ch\u1ebf bi\u1ebfn \u0111\u1eadu n\u00e0nh, ng\u01b0\u1eddi Trung Qu\u1ed1c c\u1ed5 \u0111\u1ea1i \u0111\u00e3 t\u00ecnh c\u1edd ph\u00e1t hi\u1ec7n ra r\u1eb1ng h\u1ed7n h\u1ee3p \u0111\u1eadu n\u00e0nh l\u00ean men t\u1ef1 nhi\u00ean t\u1ea1o ra m\u1ed9t lo\u1ea1i n\u01b0\u1edbc ch\u1ea5m c\u00f3 v\u1ecb m\u1eb7n, th\u01a1m ngon.<\/li>\n<li><strong>Qu\u00e1 tr\u00ecnh l\u00ean men t\u1ef1 nhi\u00ean:<\/strong>\u00a0Ban \u0111\u1ea7u, qu\u00e1 tr\u00ecnh s\u1ea3n xu\u1ea5t n\u01b0\u1edbc t\u01b0\u01a1ng ho\u00e0n to\u00e0n t\u1ef1 nhi\u00ean. Ng\u01b0\u1eddi ta cho \u0111\u1eadu n\u00e0nh, l\u00faa m\u00ec v\u00e0 mu\u1ed1i v\u00e0o c\u00e1c th\u00f9ng l\u1edbn, \u0111\u1ec3 ch\u00fang l\u00ean men trong th\u1eddi gian d\u00e0i. Qua qu\u00e1 tr\u00ecnh n\u00e0y, c\u00e1c vi sinh v\u1eadt s\u1ebd ph\u00e2n gi\u1ea3i protein trong \u0111\u1eadu n\u00e0nh, t\u1ea1o ra c\u00e1c axit amin v\u00e0 c\u00e1c h\u1ee3p ch\u1ea5t t\u1ea1o n\u00ean h\u01b0\u01a1ng v\u1ecb \u0111\u1eb7c tr\u01b0ng c\u1ee7a n\u01b0\u1edbc t\u01b0\u01a1ng.<\/li>\n<\/ul>\n<h3><strong>2. L\u1ecbch S\u1eed Ph\u00e1t Tri\u1ec3n<\/strong><\/h3>\n<ul>\n<li><strong>Lan t\u1ecfa kh\u1eafp ch\u00e2u \u00c1:<\/strong>\u00a0T\u1eeb Trung Qu\u1ed1c, n\u01b0\u1edbc t\u01b0\u01a1ng nhanh ch\u00f3ng lan r\u1ed9ng ra c\u00e1c n\u01b0\u1edbc l\u00e1ng gi\u1ec1ng nh\u01b0 Nh\u1eadt B\u1ea3n, H\u00e0n Qu\u1ed1c, Vi\u1ec7t Nam v\u00e0 c\u00e1c n\u01b0\u1edbc \u0110\u00f4ng Nam \u00c1 kh\u00e1c. M\u1ed7i qu\u1ed1c gia \u0111\u00e3 ph\u00e1t tri\u1ec3n nh\u1eefng c\u00f4ng th\u1ee9c v\u00e0 ph\u01b0\u01a1ng ph\u00e1p s\u1ea3n xu\u1ea5t n\u01b0\u1edbc t\u01b0\u01a1ng ri\u00eang, t\u1ea1o n\u00ean nh\u1eefng h\u01b0\u01a1ng v\u1ecb \u0111\u1eb7c tr\u01b0ng.<\/li>\n<li><strong>S\u1ea3n xu\u1ea5t c\u00f4ng nghi\u1ec7p:<\/strong>\u00a0V\u1edbi s\u1ef1 ph\u00e1t tri\u1ec3n c\u1ee7a c\u00f4ng ngh\u1ec7, qu\u00e1 tr\u00ecnh s\u1ea3n xu\u1ea5t n\u01b0\u1edbc t\u01b0\u01a1ng \u0111\u00e3 \u0111\u01b0\u1ee3c c\u00f4ng nghi\u1ec7p h\u00f3a. C\u00e1c nh\u00e0 m\u00e1y hi\u1ec7n \u0111\u1ea1i s\u1eed d\u1ee5ng c\u00e1c thi\u1ebft b\u1ecb chuy\u00ean d\u1ee5ng \u0111\u1ec3 ki\u1ec3m so\u00e1t ch\u1eb7t ch\u1ebd qu\u00e1 tr\u00ecnh l\u00ean men, r\u00fat ng\u1eafn th\u1eddi gian s\u1ea3n xu\u1ea5t v\u00e0 \u0111\u1ea3m b\u1ea3o ch\u1ea5t l\u01b0\u1ee3ng s\u1ea3n ph\u1ea9m.<\/li>\n<li><strong>\u0110a d\u1ea1ng h\u00f3a s\u1ea3n ph\u1ea9m:<\/strong>\u00a0Ng\u00e0y nay, n\u01b0\u1edbc t\u01b0\u01a1ng kh\u00f4ng ch\u1ec9 \u0111\u01a1n thu\u1ea7n l\u00e0 m\u1ed9t lo\u1ea1i gia v\u1ecb m\u00e0 c\u00f2n \u0111\u01b0\u1ee3c s\u1eed d\u1ee5ng trong nhi\u1ec1u s\u1ea3n ph\u1ea9m kh\u00e1c nhau nh\u01b0 n\u01b0\u1edbc s\u1ed1t, gia v\u1ecb t\u1ea9m \u01b0\u1edbp, v\u00e0 th\u1eadm ch\u00ed l\u00e0 c\u00e1c lo\u1ea1i \u0111\u1ed3 u\u1ed1ng.<\/li>\n<li><strong>N\u01b0\u1edbc t\u01b0\u01a1ng trong \u1ea9m th\u1ef1c hi\u1ec7n \u0111\u1ea1i:<\/strong>\u00a0N\u01b0\u1edbc t\u01b0\u01a1ng \u0111\u00e3 tr\u1edf th\u00e0nh m\u1ed9t th\u00e0nh ph\u1ea7n kh\u00f4ng th\u1ec3 thi\u1ebfu trong nhi\u1ec1u m\u00f3n \u0103n tr\u00ean th\u1ebf gi\u1edbi. N\u00f3 \u0111\u01b0\u1ee3c s\u1eed d\u1ee5ng \u0111\u1ec3 t\u1ea1o m\u00e0u, t\u0103ng h\u01b0\u01a1ng v\u1ecb v\u00e0 l\u00e0m \u0111\u1eadm \u0111\u00e0 c\u00e1c m\u00f3n \u0103n.<\/li>\n<\/ul>\n","protected":false},"excerpt":{"rendered":"<p>HADAY N\u01af\u1edaC T\u01af\u01a0NG NH\u00c3N V\u00c0NG K\u1ebf th\u1eeba t\u1eeb s\u1ea3n ph\u1ea9m mang t\u00ednh bi\u1ec3u tr\u01b0ng t\u1eeb th\u01b0\u01a1ng hi\u1ec7u Haday. Nay v\u1edbi c\u00f4ng th\u1ee9c c\u1ea3i ti\u1ebfn: 1. L\u00ean men t\u1ef1 nhi\u00ean t\u1eeb nh\u1eefng h\u1ea1t \u0111\u1eadu n\u00e0nh kh\u00f4ng bi\u1ebfn \u0111\u1ed5i gien theo k\u1ef9 thu\u1eadt l\u00ean men truy\u1ec1n th\u1ed1ng. Mang l\u1ea1i h\u01b0\u01a1ng v\u1ecb \u0111\u1eb7c tr\u01b0ng, th\u01a1m ngon \u0111\u1eadm \u0111\u00e0.&hellip;<\/p>\n","protected":false},"featured_media":18547,"template":"","meta":[],"product_brand":[],"product_cat":[113],"product_tag":[],"class_list":{"0":"post-18552","1":"product","2":"type-product","3":"status-publish","4":"has-post-thumbnail","6":"product_cat-nuoc-tuong","7":"description-off","9":"first","10":"instock","11":"shipping-taxable","12":"product-type-simple"},"_links":{"self":[{"href":"https:\/\/haday.amo.com.vn\/index.php\/wp-json\/wp\/v2\/product\/18552","targetHints":{"allow":["GET"]}}],"collection":[{"href":"https:\/\/haday.amo.com.vn\/index.php\/wp-json\/wp\/v2\/product"}],"about":[{"href":"https:\/\/haday.amo.com.vn\/index.php\/wp-json\/wp\/v2\/types\/product"}],"wp:featuredmedia":[{"embeddable":true,"href":"https:\/\/haday.amo.com.vn\/index.php\/wp-json\/wp\/v2\/media\/18547"}],"wp:attachment":[{"href":"https:\/\/haday.amo.com.vn\/index.php\/wp-json\/wp\/v2\/media?parent=18552"}],"wp:term":[{"taxonomy":"product_brand","embeddable":true,"href":"https:\/\/haday.amo.com.vn\/index.php\/wp-json\/wp\/v2\/product_brand?post=18552"},{"taxonomy":"product_cat","embeddable":true,"href":"https:\/\/haday.amo.com.vn\/index.php\/wp-json\/wp\/v2\/product_cat?post=18552"},{"taxonomy":"product_tag","embeddable":true,"href":"https:\/\/haday.amo.com.vn\/index.php\/wp-json\/wp\/v2\/product_tag?post=18552"}],"curies":[{"name":"wp","href":"https:\/\/api.w.org\/{rel}","templated":true}]}}