{"id":18792,"date":"2026-01-08T09:27:02","date_gmt":"2026-01-08T02:27:02","guid":{"rendered":"https:\/\/haday.amo.com.vn\/?post_type=product&#038;p=18792"},"modified":"2026-01-08T09:27:23","modified_gmt":"2026-01-08T02:27:23","slug":"hac-xi-dau-hao-hang-1-75l","status":"publish","type":"product","link":"https:\/\/haday.amo.com.vn\/index.php\/product\/hac-xi-dau-hao-hang-1-75l\/","title":{"rendered":"H\u1eafc X\u00ec D\u1ea7u H\u1ea3o H\u1ea1ng 1.75L"},"content":{"rendered":"<h3 style=\"text-align: center;\"><span style=\"color: #993300;\"><strong>HADAY H\u1eaeC X\u00cc D\u1ea6U H\u1ea2O H\u1ea0NG<\/strong><\/span><\/h3>\n<p><strong>1.<\/strong>\u00a0T\u1ea1o m\u00e0u h\u1ea5p d\u1eabn cho m\u00f3n \u0103n ch\u1ec9 v\u1edbi v\u00e0i gi\u1ecdt x\u00ec d\u1ea7u Haday.<\/p>\n<p><strong>2.<\/strong>\u00a0M\u00e0u n\u00e2u \u0111\u1ecf t\u01b0\u01a1i b\u1eaft m\u1eaft, khi n\u1ea5u l\u00e2u m\u00e0 kh\u00f4ng b\u1ecb xu\u1ed1ng m\u00e0u, h\u01b0\u01a1ng v\u1ecb \u0111\u1eadm \u0111\u00e0, th\u01a1m ngon kh\u00f3 c\u01b0\u1ee1ng.<\/p>\n<p><strong>&#8211; C\u00f3 th\u1ec3 s\u1eed d\u1ee5ng \u0111\u1ec3:<\/strong>\u00a0X\u00e0o, \u01b0\u1edbp, kho, h\u1ea7m<\/p>\n<p><strong>&#8211; K\u00edch th\u01b0\u1edbc c\u00f3 s\u1eb5n:<\/strong> 150ml, 500ml, 1.75L, 4.9L<\/p>\n<hr \/>\n<p><strong>H\u1eafc x\u00ec d\u1ea7u<\/strong>\u00a0l\u00e0 m\u1ed9t lo\u1ea1i gia v\u1ecb \u0111\u1eadm \u0111\u00e0, c\u00f3 m\u00e0u n\u00e2u \u0111en \u0111\u1eb7c tr\u01b0ng, \u0111\u01b0\u1ee3c s\u1eed d\u1ee5ng r\u1ed9ng r\u00e3i trong \u1ea9m th\u1ef1c \u00c1 \u0110\u00f4ng. N\u00f3 mang \u0111\u1ebfn m\u1ed9t h\u01b0\u01a1ng v\u1ecb s\u00e2u l\u1eafng, umami v\u00e0 m\u00e0u s\u1eafc h\u1ea5p d\u1eabn cho c\u00e1c m\u00f3n \u0103n.<\/p>\n<h3><strong>1. S\u1ef1 kh\u00e1c bi\u1ec7t gi\u1eefa h\u1eafc x\u00ec d\u1ea7u v\u00e0 n\u01b0\u1edbc t\u01b0\u01a1ng<\/strong><\/h3>\n<p>Nhi\u1ec1u ng\u01b0\u1eddi th\u01b0\u1eddng nh\u1ea7m l\u1eabn gi\u1eefa h\u1eafc x\u00ec d\u1ea7u v\u00e0 n\u01b0\u1edbc t\u01b0\u01a1ng. C\u1ea3 hai \u0111\u1ec1u \u0111\u01b0\u1ee3c l\u00e0m t\u1eeb \u0111\u1eadu n\u00e0nh, nh\u01b0ng h\u1eafc x\u00ec d\u1ea7u c\u00f3 qu\u00e1 tr\u00ecnh l\u00ean men l\u00e2u h\u01a1n v\u00e0 ph\u1ee9c t\u1ea1p h\u01a1n, d\u1eabn \u0111\u1ebfn m\u00e0u s\u1eafc \u0111\u1eadm h\u01a1n v\u00e0 h\u01b0\u01a1ng v\u1ecb \u0111\u1eadm \u0111\u00e0 h\u01a1n.<\/p>\n<h3><strong>2. \u0110\u1eb7c \u0111i\u1ec3m c\u1ee7a h\u1eafc x\u00ec d\u1ea7u<\/strong><\/h3>\n<ul>\n<li><strong>M\u00e0u s\u1eafc:<\/strong>\u00a0N\u00e2u \u0111en \u0111\u1eadm \u0111\u1eb7c<\/li>\n<li><strong>H\u01b0\u01a1ng v\u1ecb:<\/strong>\u00a0\u0110\u1eadm \u0111\u00e0, umami, h\u01a1i ng\u1ecdt v\u00e0 c\u00f3 ch\u00fat v\u1ecb kh\u00f3i<\/li>\n<li><strong>\u0110\u1ed9 s\u00e1nh:<\/strong>\u00a0S\u1ec7t h\u01a1n n\u01b0\u1edbc t\u01b0\u01a1ng th\u00f4ng th\u01b0\u1eddng<\/li>\n<li><strong>C\u00f4ng d\u1ee5ng:<\/strong>\n<ul>\n<li>S\u1eed d\u1ee5ng \u0111\u1ec3 t\u1ea9m \u01b0\u1edbp c\u00e1c lo\u1ea1i th\u1ecbt, h\u1ea3i s\u1ea3n.<\/li>\n<li>L\u00e0m n\u01b0\u1edbc s\u1ed1t cho c\u00e1c m\u00f3n x\u00e0o, n\u1ea5u.<\/li>\n<li>L\u00e0m gia v\u1ecb cho c\u00e1c m\u00f3n m\u00ec, ph\u1edf.<\/li>\n<li>D\u00f9ng \u0111\u1ec3 ch\u1ea5m c\u00e1c m\u00f3n lu\u1ed9c, n\u01b0\u1edbng.<\/li>\n<\/ul>\n<\/li>\n<\/ul>\n<p><strong>L\u01b0u \u00fd:<\/strong>\u00a0Th\u1eddi gian l\u00ean men c\u00e0ng l\u00e2u th\u00ec h\u1eafc x\u00ec d\u1ea7u c\u00e0ng c\u00f3 h\u01b0\u01a1ng v\u1ecb \u0111\u1eadm \u0111\u00e0 v\u00e0 ph\u1ee9c t\u1ea1p.<\/p>\n","protected":false},"excerpt":{"rendered":"<p>HADAY H\u1eaeC X\u00cc D\u1ea6U H\u1ea2O H\u1ea0NG 1.\u00a0T\u1ea1o m\u00e0u h\u1ea5p d\u1eabn cho m\u00f3n \u0103n ch\u1ec9 v\u1edbi v\u00e0i gi\u1ecdt x\u00ec d\u1ea7u Haday. 2.\u00a0M\u00e0u n\u00e2u \u0111\u1ecf t\u01b0\u01a1i b\u1eaft m\u1eaft, khi n\u1ea5u l\u00e2u m\u00e0 kh\u00f4ng b\u1ecb xu\u1ed1ng m\u00e0u, h\u01b0\u01a1ng v\u1ecb \u0111\u1eadm \u0111\u00e0, th\u01a1m ngon kh\u00f3 c\u01b0\u1ee1ng. &#8211; C\u00f3 th\u1ec3 s\u1eed d\u1ee5ng \u0111\u1ec3:\u00a0X\u00e0o, \u01b0\u1edbp, kho, h\u1ea7m &#8211; K\u00edch th\u01b0\u1edbc c\u00f3&hellip;<\/p>\n","protected":false},"featured_media":18785,"template":"","meta":[],"product_brand":[],"product_cat":[116],"product_tag":[],"class_list":{"0":"post-18792","1":"product","2":"type-product","3":"status-publish","4":"has-post-thumbnail","6":"product_cat-hac-xi-dau","7":"description-off","9":"first","10":"instock","11":"shipping-taxable","12":"product-type-simple"},"_links":{"self":[{"href":"https:\/\/haday.amo.com.vn\/index.php\/wp-json\/wp\/v2\/product\/18792","targetHints":{"allow":["GET"]}}],"collection":[{"href":"https:\/\/haday.amo.com.vn\/index.php\/wp-json\/wp\/v2\/product"}],"about":[{"href":"https:\/\/haday.amo.com.vn\/index.php\/wp-json\/wp\/v2\/types\/product"}],"wp:featuredmedia":[{"embeddable":true,"href":"https:\/\/haday.amo.com.vn\/index.php\/wp-json\/wp\/v2\/media\/18785"}],"wp:attachment":[{"href":"https:\/\/haday.amo.com.vn\/index.php\/wp-json\/wp\/v2\/media?parent=18792"}],"wp:term":[{"taxonomy":"product_brand","embeddable":true,"href":"https:\/\/haday.amo.com.vn\/index.php\/wp-json\/wp\/v2\/product_brand?post=18792"},{"taxonomy":"product_cat","embeddable":true,"href":"https:\/\/haday.amo.com.vn\/index.php\/wp-json\/wp\/v2\/product_cat?post=18792"},{"taxonomy":"product_tag","embeddable":true,"href":"https:\/\/haday.amo.com.vn\/index.php\/wp-json\/wp\/v2\/product_tag?post=18792"}],"curies":[{"name":"wp","href":"https:\/\/api.w.org\/{rel}","templated":true}]}}