{"id":18827,"date":"2026-01-12T10:09:47","date_gmt":"2026-01-12T03:09:47","guid":{"rendered":"https:\/\/haday.amo.com.vn\/?post_type=product&#038;p=18827"},"modified":"2026-01-12T10:10:14","modified_gmt":"2026-01-12T03:10:14","slug":"xot-uop-xa-xiu-280g","status":"publish","type":"product","link":"https:\/\/haday.amo.com.vn\/index.php\/product\/xot-uop-xa-xiu-280g\/","title":{"rendered":"X\u1ed1t \u01af\u1edbp X\u00e1 X\u00edu 280g"},"content":{"rendered":"<h3 style=\"text-align: center;\"><span style=\"color: #993300;\"><strong>HADAY X\u1ed0T \u01af\u1edaP X\u00c1 X\u00cdU<\/strong><\/span><\/h3>\n<p><strong>1.<\/strong>\u00a0Th\u00e0nh ph\u1ea7n t\u1eeb n\u01b0\u1edbc t\u01b0\u01a1ng l\u00ean men t\u1ef1 nhi\u00ean v\u00e0 gia v\u1ecb chu\u1ea9n.<\/p>\n<p><strong>2.<\/strong>\u00a0\u0110a c\u00f4ng d\u1ee5ng trong ch\u1ebf bi\u1ebfn m\u00f3n \u0103n. \u0110\u01b0\u1ee3c d\u00f9ng \u0111\u1ec3 \u01b0\u1edbp th\u1ecbt n\u01b0\u1edbng v\u00e0 ph\u1ebft n\u01b0\u1edbc x\u1ed1t, \u0111\u1eb7c bi\u1ec7t \u01b0\u1edbp th\u1ecbt heo n\u01b0\u1edbng) T\u1ea1o m\u00e0u h\u1ea5p d\u1eabn v\u00e0 h\u01b0\u01a1ng v\u1ecb ng\u1ecdt, m\u1eb7n, th\u01a1m ngon.<\/p>\n<p><strong>&#8211; C\u00f3 th\u1ec3 s\u1eed d\u1ee5ng \u0111\u1ec3:<\/strong>\u00a0X\u00e0o, \u01b0\u1edbp, quay, n\u01b0\u1edbng, kho<\/p>\n","protected":false},"excerpt":{"rendered":"<p>HADAY X\u1ed0T \u01af\u1edaP X\u00c1 X\u00cdU 1.\u00a0Th\u00e0nh ph\u1ea7n t\u1eeb n\u01b0\u1edbc t\u01b0\u01a1ng l\u00ean men t\u1ef1 nhi\u00ean v\u00e0 gia v\u1ecb chu\u1ea9n. 2.\u00a0\u0110a c\u00f4ng d\u1ee5ng trong ch\u1ebf bi\u1ebfn m\u00f3n \u0103n. \u0110\u01b0\u1ee3c d\u00f9ng \u0111\u1ec3 \u01b0\u1edbp th\u1ecbt n\u01b0\u1edbng v\u00e0 ph\u1ebft n\u01b0\u1edbc x\u1ed1t, \u0111\u1eb7c bi\u1ec7t \u01b0\u1edbp th\u1ecbt heo n\u01b0\u1edbng) T\u1ea1o m\u00e0u h\u1ea5p d\u1eabn v\u00e0 h\u01b0\u01a1ng v\u1ecb ng\u1ecdt, m\u1eb7n, th\u01a1m ngon. &#8211; C\u00f3&hellip;<\/p>\n","protected":false},"featured_media":18821,"template":"","meta":[],"product_brand":[],"product_cat":[120],"product_tag":[],"class_list":{"0":"post-18827","1":"product","2":"type-product","3":"status-publish","4":"has-post-thumbnail","6":"product_cat-gia-vi-khac","7":"description-off","9":"first","10":"instock","11":"shipping-taxable","12":"product-type-simple"},"_links":{"self":[{"href":"https:\/\/haday.amo.com.vn\/index.php\/wp-json\/wp\/v2\/product\/18827","targetHints":{"allow":["GET"]}}],"collection":[{"href":"https:\/\/haday.amo.com.vn\/index.php\/wp-json\/wp\/v2\/product"}],"about":[{"href":"https:\/\/haday.amo.com.vn\/index.php\/wp-json\/wp\/v2\/types\/product"}],"wp:featuredmedia":[{"embeddable":true,"href":"https:\/\/haday.amo.com.vn\/index.php\/wp-json\/wp\/v2\/media\/18821"}],"wp:attachment":[{"href":"https:\/\/haday.amo.com.vn\/index.php\/wp-json\/wp\/v2\/media?parent=18827"}],"wp:term":[{"taxonomy":"product_brand","embeddable":true,"href":"https:\/\/haday.amo.com.vn\/index.php\/wp-json\/wp\/v2\/product_brand?post=18827"},{"taxonomy":"product_cat","embeddable":true,"href":"https:\/\/haday.amo.com.vn\/index.php\/wp-json\/wp\/v2\/product_cat?post=18827"},{"taxonomy":"product_tag","embeddable":true,"href":"https:\/\/haday.amo.com.vn\/index.php\/wp-json\/wp\/v2\/product_tag?post=18827"}],"curies":[{"name":"wp","href":"https:\/\/api.w.org\/{rel}","templated":true}]}}